-2?
21
Calculate -7 + -8 + 2 + (-3 - -26) + 55 + 2.
67
Evaluate -3 + 9 - 18 - (-10 - 11 - -75).
-66
-7 + -12 + 4 + (-10 - -14) + -15 + -4
-30
Evaluate 43 - (46 + 36 + -11) - -39.
11
Evaluate -305 - -288 - (16 - 0).
-33
What is 16 - (1 + (0 - -8)) - (8 - 0)?
-1
52 - (-1 + 0) - (19 + (3 - 25))
56
-42 - (-73 - (15 + -46))
0
What is the value of 4 + 1 + (4 + -3 + (32 - 45) - -19)?
12
74 + (-33 - 37) + 4 + -28
-20
(-53 - (38 + -68)) + 10 + -3
-16
What is 2 + -62 + ((-2 - -7) + -11 - 7) + 14?
-59
(1 - -115) + 354 + -429
41
Calculate -9 + (40 - 64) + 19.
-14
Evaluate 126 + -236 + 122 + -18 + -3.
-9
What is 0 - 21 - -2 - ((-157 - -64) + 87)?
-13
Evaluate 16 + (6 - (8 + 12)) + 11.
13
What is the value of 14 + 2 + 5 + -14 + 15?
22
-27 + (-1 - (-6 - -9))
-31
Calculate -1086 + 1102 + (46 - 2).
60
Evaluate -4 - -14 - (50 - (-14 + 17 + -13) - 7).
-43
(-18 - -6 - (10 - 7)) + 2 + 5
-8
What is -588 + 596 - (2 + 29)?
-23
What is (0 - -30) + -8 + (10 + (-14 - -18) - 16)?
20
What is -92 + (13 - 1) - (9 + 17 - 14)?
-92
What is the value of -66 + -4 + (81 - (33 - -21))?
-43
Calculate 1 + (-1 - (2 + -66)) + -440 + 446.
70
What is the value of 41 + (0 - (6 + 3)) + -7?
25
Calculate -48 - (-11 + (9 - 15) + 8 + -2).
-37
Calculate (29 - ((3 - -6) + (159 - 153))) + (17 - -1).
32
Evaluate (-65 - 1) + -556 + 574 - (-14 + 0).
-34
Calculate -27 + 17 - 5 - -5 - (-44 - -1).
33
What is the value of -3 - (287 + -313 - (26 + -1))?
48
(-6 - -5) + -9 + -26 + (-2 - -127)
89
What is the value of 116 - (18 + (-32 - (0 + -23)))?
107
Evaluate -61 + (26 - -6) + 59 + (2 - -9).
41
Calculate (17 - -1) + (-7 - (27 - 21)) + 8.
13
Calculate (-19146 - -19077) + 21 + 0.
-48
What is the value of -6 + (18 - 7) + 52 + -96?
-39
113 + (-175 - -75) + (-4 - -2 - 1) + 14
24
What is -10 + 12 + -10 + -2 + 76 + (-5 - 7)?
54
Evaluate -29 + 118 + -18 + -22.
49
What is 4 + (8 - 45) + 26?
-7
What is (-102 + 111 - (25 + 0)) + 45?
29
Evaluate 32 + (18 - (-1 - (5 + 4 - 10))).
50
What is -23 - (-17 + 11 + -8 - (1 + -25))?
-33
Evaluate 12 - -85 - (-3 - -130).
-30
What is (4 - -58) + (22 - 4 - (-84 + 104))?
60
-7 + (-21 - (-16 - 60) - 25)
23
What is the value of 41 + -57 + 8 + (-2 - -1) - (-1 + -21)?
13
Calculate 471 + -444 + (0 - 6) - -43.
64
Calculate -15 + 4 + 5 + (18 - (81 + -17)).
-52
2 - (-3 + (8 - 0) - -38 - (1 - 5))
-45
6 - 7 - -34 - (-2 + -24 + 31) - 10
18
What is the value of 124 + -16 + 11 + 31 + -49?
101
What is -1 + 0 - 21 - (55 + 17 - 79)?
-15
Evaluate 16 - (20 + (22 - (-1 - 5))).
-32
What is the value of 8 + -43 - (5 + (0 - -2))?
-42
Evaluate -37 + 62 + -35 + 13.
3
What is (-11 - -37) + 25 + -49?
2
What is 9 - 43 - -33 - -44?
43
-98 + (9 - (-14 + 5 + (9 - -5)))
-94
(16 + 17 - 13) + (-27 - 3)
-10
-2 + 28 + ((16 - 8) + 7 - (15 - 11))
37
Evaluate -145 - (4 + 3 - 103).
-49
What is the value of (69 - (0 + (-5 - -1) - -2)) + 284 + -275?
80
What is the value of (-47 - (12 + -24)) + (2 - -13)?
-20
37 - (-15 + 44 - -4) - (-1 + 2 + -43)
46
What is the value of -34 + (11 + -9 - 51) + 24?
-59
Evaluate 25 + (20 - (0 - (-20 + 18))).
43
What is the value of -1 + (91 - 48) + -50?
-8
Calculate 24 + (18 - ((144 - 11) + -33)).
-58
Calculate -9 - ((1 - -12) + -3 + -19 - -1).
-1
Evaluate -21 + (-7 - (-23 + -14)) + -19.
-10
What is the value of 7239 - 7212 - (-6 + -1)?
34
Evaluate 8 + (1 - 1) - (-32 - (21 + (54 - 35))).
80
Calculate 0 + 29 + -29 - (2 + -3).
1
What is (59 - 157 - -47) + 20?
-31
Evaluate (-371 - -220) + 53 + -1.
-99
Evaluate -67 - (106 + -13 + -147).
-13
-25 + 45 - 3 - -6
23
What is the value of (-10 + 5 + 11 - (62 - 1)) + 3 + 8?
-44
28 + -36 + 17 + -17
-8
10 - (-73 + 23 - -41)
19
-72 + -2 + (4147 - 4070)
3
Evaluate -32 + 95 + -43 - (-1 - 6 - 25).
52
What is -28 - (-23 - (-26 + (-10 - 16)))?
-57
Calculate 3633 - 3654 - (1 + -82).
60
What is -4 + -4 - (-10 + (-88 - -80))?
10
Calculate 46 - (15 + (15 - (0 + (36 - 18)))).
34
(52 - 23) + 70 + -17 + 4
86
What is the value of (2 + 0 - 130) + 1 - (-93 - (-27 + -67))?
-128
Evaluate 0 + 25 + (2641 - 2638).
28
33 + 142 + 34 + -163
46
22 + (28 - 27) + -56 - -111
78
Evaluate (23 - -10) + (34 - 75).
-8
Evaluate -19 - (-19 + (3 - (-2 + 11 + -15))).
-9
What is the value of (0 - -35) + (26 - 26 - 18) - 98?
-81
Evaluate 71 - (-72 + 36 + 95).
12
Calculate -72 - (251 + -151 + -152).
-20
Calculate -3 - 60 - ((-3 - -12) + -33).
-39
-4 + -2 + -15 + 4 + 2 + -5 + -1
-21
Calculate 22 + (29 - 90) + -13.
-52
What is the value of 40 + -5 + 60 + -282 + 75?
-112
(-14 - -4) + -3 - (40 + 24) - (-3 + -4)
-70
Calculate 31 + (-27 + 29 - 41).
-8
What is the value of -74 + (100 - (19 + -27))?
34
What is (30 + -8 - 7 - 8 - -13) + -11?
9
Calculate -4 - (-3 + (19 - 33)) - (9 + -9).
13
0 + -2 + 8 - (-11 - 1) - 10
8
What is the value of 0 - (-8 + -1) - (-3 - -5) - (-9925 - -10011)?
-79
What is the value of (-70 - -128 - 65 - 4) + 160 + 0?
149
What is the value of 6192 + -6254 - (-81 + -2)?
21
Evaluate 35 + -3 + (-345 - -414).
101
12 + 1 + 1 + 44 + -67
-9
Calculate 15 + (-6 - (5 - -4)) + (7 - -145) + -16.
136
78 - (-45 - (-86 + 11))
48
What is the value of 814 + -821 + 2 + -1 + 14?
8
What is (-41 - (-16 - 29)) + -11?
-7
Evaluate 3 - (22 + -12 + -9 + (2 - -3)) - 15.
-18
Calculate (-3 + -1 - (6 + 25)) + -4 + (53 - 42).
-28
Calculate -14 + (-1 - -1) + (-111 - -103 - 20).
-42
Calculate 2027 - 2045 - (16 - 0).
-34
What is the value of (540 - 476) + -28 + -1 + -25?
10
What is the value of (4 - -1) + 31 + -26 + -5?
5
110 - (15 + 6 + -12 - 13 - -18)
96
Calculate -19 + 34 + (-22 - 4) + 15 - (84 - 3).
-77
What is the value of 166 - (113 - (93 + -80))?
66
Evaluate -4 + (2 - (22 + -12)) - (-70 + (2 - 3)).
59
Calculate -29 + 1 - (-36 + 199 + -135).
-56
Evaluate 17 - ((-11 + 11 - -17 - -52) + 18).
-70
Calculate 20 - (41 + -75 - 37) - -29.
120
Evaluate (139 - (190 + -108)) + -71.
-14
Calculate -12 + 24 + -4 + -46.
-38
Calculate 9 - 20 - (-137 + 113).
13
Calculate -269 - -229 - (-6 + (11 - 3)).
-42
What is the value of 52 + -2 + -140 + 115?
25
61 + -56 - (93 + 25 + -46)
-67
What is the value of 34 + -30 + 14 + -46 + -1 + 0?
-29
Calculate -8 + (28 + 2 - 17 - (37 + 0)).
-32
What is the value of (4 - (0 - -1 - (-44 + 24))) + (27 - 33)?
-23
Calculate (80 - (10 - 5)) + 457 + -469.
63
What is -16 + (-15 - -37) + 37 + (5 - 4) + 0?
44
Evaluate -3 - (-1 + 4 - (-100 - -1 - (-808 + 780))).
-77
Evaluate 8 - (3 + 4) - -42 - ((17 - 12) + 5).
33
(-36 - -62) + -31 + -2
-7
What is -58 + -50 + 103 + -12?
-17
What is 21 + -41 + -89 + 59?
-50
Calculate 2017 + -1869 - (-1 + 65).
84
What is the value of -9 + (10 - (40 - 26)) + (3 - 0) + 6?
-4
Calculate -29 + -1 - (-59 + 16 - -80).
-67
-157 + 34 + -24 + 60
-87
Calculate 376 - 389 - ((4 - 7) + (15 - -13)).
-38
6 + -132 - (4 + 8 + 6 + -26)
-118
What is the value of (-19 + 16 - 44 - -4) + 56?
13
What is the value of -134 - -59 - -144 - 23?
46
Calculate -35 - (13 + 75 + -155).
32
Evaluate 40 + 11 + (-75 - -87 - (13 - 1)).
51
Evaluate -40 + 52 + (-13 + 19 - (1 - -1)).
16
What is the value of -2 - -66 - (-6 + -12 - -43 - 16)?
55
Evaluate (-26 - -22) + -11 + 0 - 15.
-30
Evaluate 10 + (4 - 35) + (-20 - -1).
-40
What is -1 + 69 - (5623 - 5617)?
62
Evaluate 7 + 8 + 20 - ((1 - -2) + 3).
29
What is the value of -9 - 11 - ((0 - -11) + -47)?
16
What is (14 + 1 - (80 - 4)) + -2 + 5?
-58
What is the value of -1 + 25 + -1 - ((-247 - -107) + 129)?
34
Calculate 2 + 24 + 0 + 2 + (-355 - (-165 + -203)).
41
Evaluate -13 - (17 + -16) - 1.
-15
What is the value of 14 + (29 - 18) + -79 + 2?
-52
(-35 - 32 - 62) + 42
-87
What is 4 + (-2 + -6 - (64 - 65))?
-3
-2 + 105 - (31 + (-12 - (-18 - -21)))
87
Evaluate (28 - (6 + -18 + 22)) + -5 + 72.
85
-24 - 2 - (1 - 13 - (-75 + 77))
-12
Calculate (-130 - -41 - -91) + -2 + 0 + (-2 - 20).
-22
Evaluate 27 - 82 - -27 - (10 - -7).
-45
Calculate -181 - 14 - (-134 + -21).
-40
Evaluate 62 + -48 - 37 - (-51 + -2).
30
Calculate 0 + -27 - (-708 + 691).
-10
What is (19 + -43 + 21 - 2) + (3 - 2) + 88?
84
Calculate (-24 - (3 - 68)) + (-9 - 3) + -8.
21
21 + -30 - (68 + -26)
-51
What is (-15 + 26 - 6) + (-1 + 4 + -2 - 11)?
-5
-2 + (-4 - -60) - (-46 - -53)
47
Evaluate -78 + -25 + 75 - -40.
12
Evaluate 54 - 94 - -2 - -133.
95
2 - 3 - (864 - 867)
2
Calculate 31 - (12 - -53) - (22 - -13).
-69
Calculate 4 + (-69 - -43) + 0 + 17.
-5
(122 - 62) + -25 + -65
-30
What is (-14 - -10) + (-29 - -23